2*f**3 - 8*f**2 + 5*f - 4. Determine a(4).
16
Let u(x) = -4*x**3 + 2*x**2 + 2*x - 2. What is u(-2)?
34
Let g(t) = 3*t**2 + 3*t + 11. Determine g(-5).
71
Let o(m) = m**2 + 5*m + 4. Determine o(-9).
40
Let r(i) = -i**2 + 9*i + 1. What is r(10)?
-9
Let w(r) = -r**3 + r**2 - 4*r + 5. Give w(-4).
101
Let o(v) = -v**2 + 18*v - 46. Give o(16).
-14
Let w(g) = g**3 - 2*g**2 - 4*g + 7. Calculate w(3).
4
Let b(k) = 13*k**2 - 12*k - 15. What is b(2)?
13
Let n(i) = i**3 + 6*i**2 + 4*i - 1. What is n(-2)?
7
Let l(p) = -7*p**2 - 9*p - 16. Determine l(-2).
-26
Let k(u) = 2*u - 4. Determine k(-8).
-20
Let h(r) = -r**3 - 6*r**2 + 12*r + 4. Give h(-7).
-31
Let h(z) = z**2 + 2*z - 19. Calculate h(-6).
5
Let d(n) = n**2 - 25*n + 91. Give d(16).
-53
Let h(r) = 3*r + 39. Give h(-8).
15
Let a(q) = 4*q**2 - 7*q - 1. Determine a(3).
14
Let t(u) = u**2 + 8*u - 5. Determine t(-8).
-5
Let t(b) = b**3 + 10*b**2 + 7*b + 10. What is t(-9)?
28
Let p(d) = d**2 - 9*d + 24. Calculate p(6).
6
Let m(l) = -10*l - 2. What is m(-1)?
8
Let t(y) = -3*y**3 + 2*y**2 + y - 1. Determine t(2).
-15
Let s(f) = 14*f + 26. Determine s(-3).
-16
Let q(s) = 2*s**2 + 17*s + 2. Determine q(-10).
32
Let o(g) = -g**3 + 6*g**2 + g + 5. What is o(7)?
-37
Let s(h) = h**3 + 7*h**2 + 6*h - 1. Give s(-6).
-1
Let l(p) = p**2 - 11*p + 11. Give l(11).
11
Let n(r) = 2*r**2 - 227*r + 454. Give n(2).
8
Let u(t) = -t**2 + 5*t + 2. What is u(7)?
-12
Let o(j) = -j**2 - 12*j + 5. Give o(0).
5
Let z(b) = 5*b + 17. Determine z(-12).
-43
Let h(b) = 7*b + 30. What is h(-15)?
-75
Let j(u) = u**3 + 26*u**2 - 6*u - 159. Calculate j(-26).
-3
Let b(n) = -n**3 - n**2 + 8*n + 3. Determine b(-3).
-3
Let c(s) = -3*s**3 - 28*s**2 + 21*s + 5. Determine c(-10).
-5
Let a(s) = -s**2 - 27*s - 61. Give a(-26).
-35
Let f(d) = d**2 + 6*d - 17. Give f(5).
38
Let h(d) = -106*d + 1373. Determine h(13).
-5
Let k(h) = 5*h. Determine k(-5).
-25
Let l(h) = h**2 - 20*h + 53. Determine l(16).
-11
Let x(d) = 2*d**3 + 22*d**2 - 26*d - 35. Calculate x(-12).
-11
Let r(q) = q**3 + 12*q**2 + 7*q - 37. Determine r(-11).
7
Let f(w) = w**3 - 40*w**2 + 38*w + 43. Determine f(39).
4
Let x(g) = -g**3 - 7*g**2 + 3*g + 21. What is x(-7)?
0
Let x(v) = v**2 + 100*v + 290. Determine x(-3).
-1
Let x(u) = u**3 + 8*u**2 + 13*u + 8. What is x(-6)?
2
Let q(g) = -g**2 + 12*g + 4. Give q(14).
-24
Let x(t) = -23*t**3 - 2*t**2 + t - 1. Give x(1).
-25
Let i(y) = y**3 - y**2 + y + 6. Determine i(3).
27
Let s(a) = -a**3 + 34*a**2 + 6*a - 219. Determine s(34).
-15
Let f(v) = -v - 55. What is f(-41)?
-14
Let i(o) = -o**2 + 15*o - 5. What is i(9)?
49
Let m(b) = 6*b + 39. Calculate m(-7).
-3
Let q(p) = -p**3 + 12*p**2 - 3*p - 10. Calculate q(12).
-46
Let m(u) = 10*u - 173. What is m(15)?
-23
Let q(c) = -4*c**2 + 25*c - 7. Determine q(6).
-1
Let o(s) = s**2 - 7. Determine o(-6).
29
Let d(u) = -u**3 + 18*u**2 - 21*u + 69. Calculate d(17).
1
Let r(c) = -4*c**3 + c**2 - c - 2. Give r(-2).
36
Let n(r) = -r**3 + 16*r**2 + 18*r + 5. Give n(17).
22
Let l(a) = -3*a - 10. What is l(-6)?
8
Let w(p) = p**3 - 38*p**2 + 104*p + 52. Calculate w(35).
17
Let y(g) = 6*g + 3. Give y(1).
9
Let u(s) = s**2 + 3*s - 4. Determine u(7).
66
Let i(m) = m**3 - 3*m**2 - 2*m + 7. Give i(3).
1
Let l(z) = -28*z**2 + 7*z + 5. Determine l(-1).
-30
Let k(d) = d**3 + 13*d**2 + 11*d - 9. Determine k(-12).
3
Let v(s) = -s**2 + 3*s - 4. What is v(2)?
-2
Let f(g) = 11*g + 25. What is f(-4)?
-19
Let b(q) = -26*q + 1. What is b(0)?
1
Let c(f) = -f**2 + 3*f + 8. Calculate c(6).
-10
Let i(p) = -2*p**3 + 25*p**2 - 15*p + 24. Determine i(12).
-12
Let b(j) = j**3 - j**2 - j + 6. Determine b(0).
6
Let u(r) = 30*r + 6. Determine u(0).
6
Let t(y) = y**3 + 6*y**2 - 6*y - 1. Give t(-6).
35
Let a(l) = l**2 + 17*l - 23. Determine a(-18).
-5
Let d(v) = -2*v**3 - 25*v**2 - 13*v - 18. Give d(-12).
-6
Let k(a) = -a**2 - 23*a + 22. Calculate k(-25).
-28
Let d(w) = -57*w - 228. Give d(-4).
0
Let u(a) = -a**3 + 7*a**2 - 11. What is u(7)?
-11
Let f(z) = -7*z + 41. Determine f(-5).
76
Let l(h) = -h**3 - 13*h**2 - 12*h + 12. Determine l(-12).
12
Let k(a) = -8*a - 1. Calculate k(8).
-65
Let s(i) = i**3 - i**2 - 5*i - 22. Give s(4).
6
Let d(a) = -6*a. Calculate d(1).
-6
Let n(k) = -26*k + 170. Determine n(6).
14
Let t(u) = u**2 + 8*u - 2. Calculate t(0).
-2
Let r(y) = 7*y**3 - y + 2. Calculate r(1).
8
Let b(k) = -3*k + 27. Determine b(8).
3
Let r(u) = -u**3 + 10*u**2 - 20*u + 34. Determine r(8).
2
Let u(i) = -i**3 + 50*i**2 + 50*i + 80. Give u(51).
29
Let l(f) = f + 11. Calculate l(-11).
0
Let x(u) = u**3 + 22*u**2 - 13*u + 219. Determine x(-23).
-11
Let w(c) = -10*c**2 - 1. What is w(1)?
-11
Let h(d) = -d**3 - 7*d**2 - 11*d - 21. Give h(-6).
9
Let g(r) = r**2 + 5. Determine g(-3).
14
Let p(c) = -19*c**2 + 4*c - 2. Calculate p(2).
-70
Let i(o) = -37*o**3 - o + 1. Determine i(1).
-37
Let a(b) = -4*b**2 - 66*b - 25. Calculate a(-16).
7
Let w(x) = -x**2 + 5*x - 1. What is w(-3)?
-25
Let f(b) = -6*b - 6. Give f(-8).
42
Let v(i) = -i**2 + 7*i - 13. Give v(8).
-21
Let r(o) = o**2 - 10*o - 100. Give r(15).
-25
Let c(m) = m**3 + 5*m**2 + 7*m + 7. Give c(-4).
-5
Let k(r) = 10*r**2 - 10*r - 6. What is k(-1)?
14
Let j(f) = -f**3 + 22*f**2 - 19*f + 1. Calculate j(21).
43
Let t(q) = 3*q + 44. Determine t(-14).
2
Let o(q) = q**3 - 15*q**2 - 14*q - 10. Give o(16).
22
Let c(x) = x + 9. Determine c(0).
9
Let g(f) = f - 13. Calculate g(16).
3
Let d(n) = -n**3 + 6*n**2 - 7*n - 1. Give d(3).
5
Let c(g) = g**2 + 18*g - 15. Determine c(-14).
-71
Let s(w) = -7*w**2 + 7*w - 7. Give s(4).
-91
Let z(q) = q**2 + 6*q + 20. Determine z(-7).
27
Let r(y) = -y**2 - 13*y + 6. Determine r(-13).
6
Let j(x) = x**3 - 5*x**2 + 3*x - 4. Calculate j(3).
-13
Let f(r) = r**2 + 10*r + 13. Determine f(-11).
24
Let v(i) = 4*i + 4. Calculate v(7).
32
Let i(b) = -b**2 + 35*b + 68. Give i(37).
-6
Let s(d) = -d**2 + 24*d + 7. What is s(27)?
-74
Let p(f) = f**3 + 9*f**2 - 13. What is p(-9)?
-13
Let t(w) = w**2 + 4*w - 1. Calculate t(-5).
4
Let c(i) = 2*i**2 - 6*i - 12. Calculate c(5).
8
Let i(n) = -2*n - 4. Give i(5).
-14
Let c(r) = 3*r**2 - 3*r - 5. Calculate c(3).
13
Let b(r) = -r**3 - r**2 - 2*r + 38. What is b(0)?
38
Let j(c) = 7*c + 6. Calculate j(-6).
-36
Let v(w) = -w - 14. Determine v(-16).
2
Let x(k) = 10*k**2 + 2. Calculate x(-2).
42
Let q(x) = x**2 + 2*x - 11. Give q(-6).
13
Let y(n) = -n**3 + 4*n**2 + n + 7. What is y(5)?
-13
Let z(l) = -l**2 + 10*l + 48. What is z(13)?
9
Let r(a) = -a**3 - 11*a**2 - 8*a - 8. What is r(-10)?
-28
Let j(f) = -20*f + 244. Calculate j(12).
4
Let x(o) = -34*o**2 - o. Determine x(-1).
-33
Let v(k) = -k**3 - k**2 - k - 36. Determine v(0).
-36
Let n(h) = -h**3 + 19*h**2 - 12*h - 62. Calculate n(18).
46
Let d(u) = u**2 - 16*u + 55. Determine d(9).
-8
Let i(r) = -r**2 + 12*r + 76. Determine i(-5).
-9
Let p(g) = -g**3 + 8*g**2 + 10*g. Determine p(9).
9
Let o(c) = -c**3 + 10*c**2 + 12*c - 10. Calculate o(11).
1
Let t(z) = -2*z - 10. Determine t(-5).
0
Let j(f) = 3*f**2 + 2*f + 1. Calculate j(-2).
9
Let b(x) = 2*x + 13. Calculate b(5).
23
Let k(a) = -a**3 - 13*a**2 - 2. Calculate k(-13).
-2
Let o(y) = 10*y**3 + y**2. Calculate o(-1).
-9
Let n(p) = p**3 - 37*p**2 + 34*p + 78. What is n(36)?
6
Let s(b) = -2*b**3 - 13*b**2 - 3*b - 6. Give s(-6).
-24
Let i(y) = -y**2 + 15. Give i(0).
15
Let l(v) = -58*v - 289. What is l(-5)?
1
Let u(z) = 2*z**2 - 5*z - 8. What is u(5)?
17
Let n(i) = -2*i**2 - 31*i + 35. What is n(-17)?
-16
Let q(m) = 2*m - 8. What is q(0)?
-8
Let g(j) = -j**3 + j**2 + 13*j - 17. What is g(3)?
4
Let x(y) = 3*y + 11. Determine x(-9).
-16
Let j(u) = -12*u + 2. Determine j(-2).
26
Let j(l) = -l**3 - 15*l**2 - 5*l + 75. Give j(-14).
-51
Let w(i) = 32*i - 255. What is w(8)?
1
Let q(c) = c**3 - 7*c**2 + 5*c + 2. Give q(6).
-4
Let j(x) = x**3 + 11*x**2 + 21*x + 14. Determine j(-9).
-13
Let m(a) = 4*a**3 - a**2 + 3*a + 3. Calculate m(-2).
-39
Let y(f) = -2*f**2 - 41*f + 15. Give y(-21).
-6
Let f(m) = m**2 - 11*m + 24. Calculate f(8).
0
Let i(x) = 12*x + 48. Calculate i(5).
108
Let z(w) = 6*w**2 - 3*w + 8. Calculate z(4).
92
Let x(q) = 2*q**2 + 7*q - 3. What is x(-6)?
27
Let c(b) = b**2 + b - 15. Give c(-8).
41
Let b(q) = q**2 - 39*q + 200. Give b(33).
2
Let b(w) = -2*w**2 - 17*w + 16. Give b(-10).
-14
Let q(t) = t - 8. Determine q(-3).
-11
Let q(x) = -